hen 396879 is divided by 12?
3
What is the remainder when 349661 is divided by 87030?
1541
Calculate the remainder when 116246 is divided by 664.
46
What is the remainder when 8119782 is divided by 2776?
2758
Calculate the remainder when 42370 is divided by 42303.
67
Calculate the remainder when 125510547 is divided by 671.
668
What is the remainder when 19747 is divided by 2514?
2149
Calculate the remainder when 28582 is divided by 192.
166
Calculate the remainder when 3500782 is divided by 5824.
558
Calculate the remainder when 5052036 is divided by 77.
66
What is the remainder when 5664787 is divided by 283235?
87
What is the remainder when 15131941 is divided by 1977?
1960
What is the remainder when 361065 is divided by 3099?
1581
What is the remainder when 848435 is divided by 424054?
327
Calculate the remainder when 23389258 is divided by 2742.
2740
What is the remainder when 5753716 is divided by 221287?
254
Calculate the remainder when 30903457 is divided by 8073.
13
What is the remainder when 383423 is divided by 127777?
92
Calculate the remainder when 32720 is divided by 1268.
1020
What is the remainder when 2236286 is divided by 1317?
20
What is the remainder when 2395851 is divided by 68452?
31
What is the remainder when 806348 is divided by 22?
4
What is the remainder when 1269754 is divided by 11328?
1018
What is the remainder when 446153 is divided by 1743?
1688
Calculate the remainder when 5431883 is divided by 3648.
11
What is the remainder when 26020829 is divided by 1454?
45
What is the remainder when 21798172 is divided by 31?
26
Calculate the remainder when 899711 is divided by 1214.
137
Calculate the remainder when 206685 is divided by 775.
535
Calculate the remainder when 24048654 is divided by 1011.
1008
What is the remainder when 71280 is divided by 58?
56
Calculate the remainder when 388516237 is divided by 129505412.
1
What is the remainder when 3208708 is divided by 2499?
2491
What is the remainder when 112317 is divided by 12943?
8773
What is the remainder when 583525 is divided by 349?
346
Calculate the remainder when 423938 is divided by 13248.
2
What is the remainder when 2538435 is divided by 624?
3
What is the remainder when 805954 is divided by 20139?
394
Calculate the remainder when 164378 is divided by 9667.
39
What is the remainder when 837684 is divided by 1230?
54
What is the remainder when 329659 is divided by 13735?
19
Calculate the remainder when 98007 is divided by 8235.
7422
Calculate the remainder when 438209 is divided by 62600.
9
Calculate the remainder when 3710261 is divided by 618370.
41
What is the remainder when 101002 is divided by 11624?
8010
What is the remainder when 12541882 is divided by 6563?
6552
What is the remainder when 8203783 is divided by 200090?
93
What is the remainder when 352820 is divided by 888?
284
Calculate the remainder when 386402 is divided by 453.
446
What is the remainder when 118766 is divided by 47?
44
What is the remainder when 58092404 is divided by 7?
6
Calculate the remainder when 118430 is divided by 113404.
5026
What is the remainder when 123766 is divided by 2511?
727
Calculate the remainder when 11060253 is divided by 14.
1
Calculate the remainder when 1541422 is divided by 308280.
22
Calculate the remainder when 6922097 is divided by 57.
17
What is the remainder when 615189 is divided by 599?
16
What is the remainder when 42339 is divided by 481?
11
Calculate the remainder when 78193855 is divided by 10339.
10337
What is the remainder when 2336916 is divided by 179762?
10
Calculate the remainder when 193129 is divided by 26.
1
What is the remainder when 673090 is divided by 671461?
1629
What is the remainder when 2471611 is divided by 30?
1
What is the remainder when 320647 is divided by 4514?
153
Calculate the remainder when 2052135 is divided by 1026053.
29
Calculate the remainder when 59887 is divided by 25.
12
Calculate the remainder when 136583233 is divided by 1844.
1841
Calculate the remainder when 225644 is divided by 214.
88
Calculate the remainder when 1048088113 is divided by 6038.
6035
Calculate the remainder when 33428237 is divided by 147.
143
What is the remainder when 24818 is divided by 306?
32
What is the remainder when 825125 is divided by 549?
527
Calculate the remainder when 73235576 is divided by 2442.
2438
What is the remainder when 118187 is divided by 11794?
247
What is the remainder when 36948112 is divided by 5060?
5052
What is the remainder when 48792 is divided by 2365?
1492
What is the remainder when 366317 is divided by 996?
785
Calculate the remainder when 9223586 is divided by 236.
234
Calculate the remainder when 496461 is divided by 2568.
837
What is the remainder when 4762866 is divided by 41?
19
Calculate the remainder when 1632782 is divided by 76.
74
Calculate the remainder when 277084 is divided by 1101.
733
Calculate the remainder when 77156525 is divided by 1045.
1040
What is the remainder when 4808512 is divided by 2480?
2272
Calculate the remainder when 690304294 is divided by 66.
64
Calculate the remainder when 4079812 is divided by 509976.
4
Calculate the remainder when 466512 is divided by 100.
12
What is the remainder when 1863009 is divided by 10?
9
Calculate the remainder when 16510813 is divided by 154.
11
What is the remainder when 113171 is divided by 1454?
1213
What is the remainder when 8468859 is divided by 2822706?
741
What is the remainder when 12646839 is divided by 795?
774
What is the remainder when 37406180 is divided by 63833?
42
Calculate the remainder when 590115 is divided by 53589.
636
Calculate the remainder when 20486125 is divided by 3131.
3123
Calculate the remainder when 33712448 is divided by 1435.
1428
Calculate the remainder when 3543 is divided by 1133.
144
What is the remainder when 398754 is divided by 367?
192
What is the remainder when 26016244 is divided by 5038?
12
Calculate the remainder when 6347732 is divided by 1581.
17
Calculate the remainder when 476425 is divided by 4492.
273
What is the remainder when 13006041 is divided by 187?
4
What is the remainder when 86213 is divided by 271?
35
Calculate the remainder when 61096 is divided by 287.
252
What is the remainder when 1841685 is divided by 368335?
10
Calculate the remainder when 276732 is divided by 1035.
387
Calculate the remainder when 222845 is divided by 84.
77
What is the remainder when 2285254 is divided by 1808?
1750
Calculate the remainder when 1106842921 is divided by 1639.
1636
What is the remainder when 2404299 is divided by 1605?
9
Calculate the remainder when 1368159 is divided by 1589.
30
Calculate the remainder when 584166 is divided by 215.
11
What is the remainder when 240216 is divided by 3467?
993
Calculate the remainder when 89618 is divided by 89609.
9
Calculate the remainder when 20673354 is divided by 385.
9
Calculate the remainder when 145051012 is divided by 209.
205
Calculate the remainder when 521275123 is divided by 92.
87
What is the remainder when 28914 is divided by 4096?
242
What is the remainder when 11547637 is divided by 1792?
1781
Calculate the remainder when 109848 is divided by 21963.
33
Calculate the remainder when 104398 is divided by 16810.
3538
What is the remainder when 3299 is divided by 45?
14
Calculate the remainder when 91571 is divided by 90441.
1130
What is the remainder when 1031369 is divided by 515669?
31
What is the remainder when 26950378 is divided by 4977?
4900
Calculate the remainder when 48754187 is divided by 3374.
3261
Calculate the remainder when 9749579 is divided by 87.
11
Calculate the remainder when 1258544 is divided by 162.
128
Calculate the remainder when 5795911 is divided by 1448968.
39
Calculate the remainder when 9423527 is divided by 362442.
35
Calculate the remainder when 92921 is divided by 30734.
719
What is the remainder when 699680 is divided by 1797?
647
Calculate the remainder when 49544708 is divided by 165.
158
What is the remainder when 94838123 is divided by 498?
497
What is the remainder when 151080 is divided by 597?
39
What is the remainder when 3246652 is divided by 63658?
94
Calculate the remainder when 8169963 is divided by 2384.
2379
What is the remainder when 1550429 is divided by 3446?
3175
Calculate the remainder when 